 = -20, -2*x = 6. Let p = 18 - n. Calculate the remainder when 19 is divided by p.
5
Suppose -6*i - 130 + 550 = 0. Calculate the remainder when i is divided by 18.
16
Suppose -7*z + 3*z + 76 = -4*u, 31 = z + 3*u. What is the remainder when 1/((-4)/(0 + -340)) is divided by z?
19
Suppose -8*m + 35 = -m. What is the remainder when 17 is divided by m?
2
Let l be (-4)/(4/2)*-1. Suppose 0 = -4*j + l*j. Suppose 2*f = -j + 4. What is the remainder when f is divided by 2?
0
Let c = 29 - 20. Let w be ((-5)/10)/((-1)/(-48)). Let u = w - -41. Calculate the remainder when u is divided by c.
8
Let p(s) = -2*s**3 - 2*s - 3. Suppose 27 = 3*x - a - 3, a - 6 = -x. What is the remainder when p(-2) is divided by x?
8
What is the remainder when (0 + -392)*(-4 - -7)/(-6) is divided by 33?
31
What is the remainder when 19 is divided by (2 + 8/(-3))/((-6)/108)?
7
Suppose 16*u - 22*u + 42 = 0. Calculate the remainder when 4/14 - 124/(-7) is divided by u.
4
Suppose -3*k - 38 - 53 = -5*z, 66 = 4*z + k. Let f be (-4)/6 + 154/(-21). Let m(r) = -4*r + 1. What is the remainder when m(f) is divided by z?
16
Let j(n) = -7*n + 22*n**2 + 7*n - 1. Let l(o) = 60*o**2 - 2*o - 1. Calculate the remainder when l(-1) is divided by j(1).
19
Let o(x) = -x**2 - 9*x + 6. What is the remainder when 285 is divided by o(-6)?
21
Suppose -6*v + 607 = 205. What is the remainder when v is divided by 18?
13
Let j(m) = 8*m. Let o be ((-5)/10)/((-1)/2). Calculate the remainder when 13 is divided by j(o).
5
Let q be (9/(-6) - -1)*12. What is the remainder when 2/3*(-117)/q is divided by 7?
6
Suppose -h - 5 = 0, 2*k - 5*k + 96 = -3*h. Suppose 6 = 2*l, -2*y - 5 = -2*l + 17. Let o = k + y. What is the remainder when o is divided by 11?
8
Calculate the remainder when (1/(-2) + -2)/((-8)/48) is divided by 10.
5
Let b = 14 - -17. What is the remainder when 92 is divided by b?
30
Let v = 5 + -3. Suppose -v*q - q = -9. Calculate the remainder when q is divided by 2.
1
Let n(l) = -l - 3. Let w(c) = c**2 + 6*c - 4. Let k be w(-5). What is the remainder when 10 is divided by n(k)?
4
What is the remainder when 335 is divided by 2/14 - 450/(-35)?
10
Let f(t) = -t - 2. Let d be f(-3). Calculate the remainder when ((-9)/(-6) - d)*146 is divided by 25.
23
Let d(t) = t + 2. Let i be d(-5). Let p = -2 - i. What is the remainder when 1 is divided by p?
0
Let o(j) = j - 1. Let y be o(6). Suppose -h - 4 = -2*t, 2 = -y*t - 2*h + 30. Let z = -2 - -13. What is the remainder when z is divided by t?
3
Let p = -35 - -49. Calculate the remainder when 54 is divided by p.
12
Suppose -3*j = -5*b + 332, 0*j - 196 = -3*b + j. Calculate the remainder when 8 is divided by 1/(-5) - b/(-20).
2
Let g(w) = 3*w - 4. Calculate the remainder when 39 is divided by g(8).
19
Let w = 5 - 3. Let j(q) = q**3 - q**2 - 3*q + 3. Let p be j(w). Suppose 13 = 2*v - p. What is the remainder when 13 is divided by v?
6
Suppose -3*v + 8 = 5*v. What is the remainder when 2 is divided by v?
0
Let a(j) = j**3 - j - 1. Let v be a(0). Let o = 32 - 17. Let i = v + o. Calculate the remainder when 27 is divided by i.
13
Suppose -2*y - 24 = -4*y. Suppose -k = 2*x + 3*k - 16, 0 = 2*k - 8. What is the remainder when y is divided by (x - -2) + -1 + 6?
5
Let x be (4/12)/((-2)/(-168)). Suppose -1 = 3*s - 3*p - x, -5*s = p - 15. Calculate the remainder when 5 is divided by s.
1
Suppose 19 = 5*x - 4*m, 11 = 4*x + m - 0. Suppose 5*y - 10 = -2*n + 4, -6 = -x*y. Suppose -n*z - 196 = -6*z. What is the remainder when z is divided by 17?
15
Let l(c) = -c**3 - 6*c**2 - 4*c + 2. Let y be l(-4). Let o = -2 - y. Calculate the remainder when 21 is divided by o.
9
Suppose 0 = -10*u + 8*u - 42. Calculate the remainder when u/14*(-70)/3 is divided by 19.
16
Suppose 2*r + 10 = 3*r. Calculate the remainder when 17 is divided by r.
7
Let j = 2 - 0. Suppose -5*u - j = -122. Suppose 6 - u = -z. What is the remainder when 34 is divided by z?
16
Let o be 2 + -2 + 1 + -19. Let c = o - -31. What is the remainder when 37 is divided by c?
11
Let i be (10 - 13) + 2 + -1. What is the remainder when (29/i)/((-14)/28) is divided by 16?
13
Let n be ((-44)/10)/(2/(-10)). Let o = n + 4. Let u(v) = -v**3 - 4*v**2 - v + 5. What is the remainder when o is divided by u(-4)?
8
Let f = 10 + -7. Calculate the remainder when 8 is divided by f.
2
Suppose 121*s - 123*s = -12. Calculate the remainder when 69 is divided by s.
3
Let f(d) = d. Let g be f(4). Suppose g*m + 78 = 258. Calculate the remainder when m is divided by 12.
9
Let z be (-1 + 1)*(-1)/2. Let v be 22/10 + (-1)/5. Let f = v - z. Calculate the remainder when 3 is divided by f.
1
Suppose 5*n - 80 = 4*y, -5*n + 16 = -5*y - 59. Calculate the remainder when 58 is divided by n.
18
Let z = 7 - 4. Suppose r - z*r + 12 = 0. Calculate the remainder when 17 is divided by r.
5
Calculate the remainder when 44 is divided by (-12)/(-16)*2*8.
8
Let q(o) = 104*o + 1. Calculate the remainder when q(1) is divided by 27.
24
Let k(l) = -1 + 33*l**2 + 12*l - 4*l**2 - 12*l. Calculate the remainder when 82 is divided by k(1).
26
Suppose 0 = 5*h + 3*h - 152. Calculate the remainder when -70*(3/6 - 1) is divided by h.
16
Let b(q) = q**3 - q + 1. Let n be b(1). Let s(x) = 14*x**3 - 2*x + 1. Calculate the remainder when 62 is divided by s(n).
10
Let x(p) = p**2 - 4*p - 2. Let t be x(5). Suppose -b + 5 + t = 0. Calculate the remainder when 23 is divided by b.
7
Suppose -2*d - 3 = -7. What is the remainder when 5 is divided by d?
1
Let u = 130 + -116. What is the remainder when 19 is divided by u?
5
Let a be 2/(-4)*(-151 + 1). Suppose -2*i = -o - 33, -5*i + 5*o + a = -0*o. Suppose 3*b - 5*b = -10. What is the remainder when i is divided by b?
3
Suppose 4*d = 17 + 3. Suppose 0*p - d*p + 90 = y, -2*p + 378 = 4*y. Suppose j = 6*j - y. What is the remainder when j is divided by 10?
9
Let x(l) = 6*l**2 - 7*l - 10. Calculate the remainder when x(-4) is divided by 29.
27
Suppose 57 = 2*o - 67. What is the remainder when o is divided by 16?
14
Suppose -3 - 15 = -3*p. Calculate the remainder when p is divided by 2.
0
Let w(z) = z**3 - 6*z**2 + 8. What is the remainder when 22 is divided by w(6)?
6
Suppose 0 = -5*t + 4*t + 45. What is the remainder when 87 is divided by t?
42
Let l(f) = f**2 - 6*f + 8. Let m = 15 + -8. What is the remainder when 42 is divided by l(m)?
12
Let g(t) = t**3 - 4*t**2 - 2*t + 4. Let v be g(5). What is the remainder when 0 + v + -5 + 5 is divided by (-6)/6*(-8 + 1)?
5
Suppose -136 - 134 = -18*x. What is the remainder when 252 is divided by x?
12
Suppose 13*w - 330 = 3*w. What is the remainder when 61 is divided by w?
28
Let v(d) = 2*d**2 - 4*d + 10. What is the remainder when v(-7) is divided by 35?
31
Suppose 0 = -3*d - 2*d + 5. Calculate the remainder when 2 is divided by d.
0
Let t = -19 + 28. Suppose -3*s + 20 = 2*z, -4*z + t = -2*s + 33. Calculate the remainder when 22 is divided by s.
6
Let c(y) = -3*y**3 - 12*y**2 + 10*y + 9. Let h(m) = -m**3 - 6*m**2 + 5*m + 4. Let r(u) = 2*c(u) - 5*h(u). Calculate the remainder when r(4) is divided by 6.
4
Let t = 77 - -2. What is the remainder when t is divided by 20?
19
Suppose -8*c + 3*c = -570. What is the remainder when c is divided by 29?
27
Let j(o) = 15*o**3 + 2*o**2 - 5*o - 2. Calculate the remainder when j(2) is divided by 17.
14
Suppose 0 = -2*x - 4*h + 18, -2*x - 3*x - h = -18. Calculate the remainder when 9 is divided by x.
0
Suppose -3*j = -5*h - 0*j - 49, -4*h - 2*j = 48. Let m = -7 - h. What is the remainder when m is divided by 2?
0
Let w(l) = 3*l**2 - 4*l + 4. Calculate the remainder when 23 is divided by w(2).
7
Suppose 3*i = -i + 44. Suppose -12 = 2*h - 2*y - 2*y, 0 = 3*h - 5*y + 13. Calculate the remainder when i is divided by h.
3
Let a(r) = r**2 - 11*r + 12. Let d(v) = 11*v**3 + 2*v**2 - 2*v + 3. Calculate the remainder when d(2) is divided by a(12).
23
Let b = 67 - 44. Let a = 180 - 113. Calculate the remainder when a is divided by b.
21
Let q = -18 + 2. Let r = 35 + q. What is the remainder when r is divided by 11?
8
Suppose -f - 2*y + 2 = -5, 25 = 5*f + 5*y. Suppose -m + 25 = v, f*m = 4*v - 0*m - 79. What is the remainder when 85 is divided by v?
19
Let f = -216 - -236. Let h = 17 - 3. Suppose -m + 86 = 5*o + 35, -h = -2*o - 2*m. Calculate the remainder when f is divided by o.
9
Calculate